of 4778488?
True
Is 184496253 a multiple of 80?
False
Does 21 divide 460255593?
True
Does 31 divide 1904516?
True
Is 5050 a factor of 102141300?
True
Is 82 a factor of 88674154?
False
Does 15 divide 264499425?
True
Does 3 divide 47794935?
True
Does 91 divide 7494669?
True
Is 1408 a factor of 45827310?
False
Is 1195764981 a multiple of 32?
False
Does 87 divide 778392567?
True
Is 2677170978 a multiple of 1002?
False
Does 1559 divide 766816187?
False
Is 20 a factor of 7059960?
True
Is 1217512183 a multiple of 20?
False
Does 31 divide 32687758?
False
Does 8577 divide 516188428?
False
Does 1186 divide 196405960?
False
Does 4 divide 137949106?
False
Does 2825 divide 8087609?
False
Is 9800872 a multiple of 2179?
False
Does 187 divide 52611916?
False
Is 968 a factor of 293033796?
False
Is 523219306 a multiple of 11549?
False
Does 4 divide 56028831?
False
Is 65625696 a multiple of 2?
True
Does 8 divide 56566328?
True
Is 1016 a factor of 123244864?
True
Does 4014 divide 207696402?
True
Is 12 a factor of 75234122?
False
Is 13471384 a multiple of 12?
False
Is 576143295 a multiple of 273?
True
Does 189 divide 2996055?
False
Is 29143975 a multiple of 373?
False
Is 86937859 a multiple of 1143?
False
Is 84470224 a multiple of 10?
False
Is 418031859 a multiple of 4?
False
Is 1884 a factor of 3533813148?
True
Does 614 divide 3209344?
False
Is 1254 a factor of 607072686?
True
Does 18 divide 21023604?
True
Is 136275048 a multiple of 36?
True
Does 1883 divide 447449586?
False
Does 103 divide 88177066?
False
Is 609 a factor of 796608822?
False
Is 2000237356 a multiple of 2587?
True
Is 348 a factor of 50923562?
False
Does 2875 divide 1316363077?
False
Does 921 divide 9752469?
True
Is 10 a factor of 30447650?
True
Does 11998 divide 2414307001?
False
Is 16 a factor of 325144836?
False
Does 12 divide 42010236?
True
Is 36137810 a multiple of 49?
False
Is 9777942 a multiple of 387?
True
Does 623 divide 41184661?
True
Is 191555868 a multiple of 138?
True
Is 6933608 a multiple of 11?
True
Is 2357 a factor of 17998052?
True
Is 2367 a factor of 172300479?
False
Does 746 divide 2228721252?
True
Is 728 a factor of 163754927?
False
Is 257 a factor of 47970830?
False
Is 154 a factor of 5884844056?
False
Does 60 divide 313093560?
True
Is 9 a factor of 2845791?
True
Is 19378483 a multiple of 283?
False
Is 874 a factor of 456807462?
True
Does 11 divide 951018695?
True
Is 3 a factor of 54463061?
False
Is 21 a factor of 547192254?
True
Is 56 a factor of 162225581?
False
Does 3230 divide 128495860?
True
Is 145748484 a multiple of 837?
True
Does 1377 divide 65910905?
False
Is 218 a factor of 155643280?
True
Is 8 a factor of 35766832?
True
Does 38 divide 30521334?
True
Does 80 divide 10990145?
False
Does 32 divide 120992768?
True
Is 1742548730 a multiple of 1742?
True
Is 2322659955 a multiple of 55?
True
Is 8124396 a multiple of 7?
True
Is 1046 a factor of 1562192086?
False
Is 50613927 a multiple of 2188?
False
Does 7 divide 52222520?
True
Does 58 divide 2158307?
False
Is 8181366 a multiple of 222?
True
Is 10 a factor of 3222033611?
False
Is 1080 a factor of 121976280?
True
Is 3315 a factor of 441776790?
True
Is 47725969 a multiple of 834?
False
Is 336696055 a multiple of 830?
False
Is 5 a factor of 680792890?
True
Is 342381501 a multiple of 34?
False
Is 8379810 a multiple of 510?
True
Is 57 a factor of 492514884?
True
Does 5 divide 26774482?
False
Is 106476783 a multiple of 71?
True
Is 3 a factor of 568935?
True
Is 348 a factor of 36214361?
False
Is 31 a factor of 72839068?
False
Does 7 divide 389633867?
True
Is 906535547 a multiple of 466?
False
Is 1173 a factor of 127539117?
True
Is 174601980 a multiple of 519?
True
Is 5838 a factor of 624169770?
True
Is 943287472 a multiple of 16?
True
Is 1858284182 a multiple of 1412?
False
Is 22636104 a multiple of 161?
False
Does 7 divide 13885497?
False
Is 43964295 a multiple of 15?
True
Is 1184501 even?
False
Is 240 a factor of 22429200?
True
Is 2032 a factor of 155772588?
False
Is 27574848 a multiple of 84?
True
Is 138 a factor of 329665947?
False
Is 1813 a factor of 7979013?
True
Does 1529 divide 146765993?
False
Does 207 divide 184937052?
False
Does 8 divide 109957401?
False
Is 18 a factor of 94368207?
False
Is 2030 a factor of 36002050?
True
Is 664099643 a multiple of 289?
False
Is 189 a factor of 828724256?
False
Is 14 a factor of 50932322?
True
Does 27 divide 432723709?
False
Is 21267424 a multiple of 311?
True
Is 13 a factor of 5343468?
True
Is 3082887 a multiple of 14?
False
Is 3307 a factor of 68597101?
True
Is 95479536 a multiple of 32?
False
Is 259284146 a multiple of 26?
False
Does 6 divide 147103212?
True
Is 150311535 a multiple of 697?
True
Is 33610745 a multiple of 7?
True
Does 491 divide 287972280?
False
Is 98 a factor of 328209252?
True
Is 3613062 a multiple of 438?
True
Is 5701284 a multiple of 1044?
True
Is 11416492 a multiple of 4?
True
Is 7203550 a multiple of 3?
False
Is 3132 a factor of 217827048?
False
Is 180662840 a multiple of 40?
True
Does 16 divide 3916705856?
True
Is 131485542 even?
True
Does 467 divide 560140348?
True
Does 30 divide 9640920?
True
Is 1984 a factor of 1611343296?
True
Is 2315 a factor of 85951320?
True
Does 48 divide 95918928?
True
Is 624263705 a multiple of 65?
True
Is 912 a factor of 5926379?
False
Is 75 a factor of 147243525?
True
Is 28 a factor of 34405473?
False
Is 125704392 a multiple of 4542?
True
Does 48 divide 207339945?
False
Is 2575389 a multiple of 3?
True
Is 687011361 a multiple of 1245?
False
Is 10 a factor of 488989825?
False
Does 3 divide 588733389?
True
Does 17 divide 6208349?
True
Is 15336270 a multiple of 45?
True
Is 36054640 a multiple of 3440?
True
Is 1983551633 a multiple of 10?
False
Does 5110 divide 6443710?
True
Does 92 divide 76942268?
True
Does 33 divide 27622322?
False
Is 100 a factor of 592925390?
False
Is 4 a factor of 8181440?
True
Does 223 divide 18653281?
True
Does 4435 divide 195858470?
True
Is 42846326 a multiple of 55?
False
Is 51 a factor of 227291241?
True
Is 21 a factor of 344314719?
True
Does 2 divide 2051690?
True
Is 1668 a factor of 122331194?
False
Is 777399630 a multiple of 190?
True
Is 30 a factor of 52845089?
False
Is 17 a factor of 101183303?
True
Is 1790 a factor of 117966370?
True
Is 724 a factor of 7139372?
False
Does 5 divide 378730576?
False
Is 381600 a multiple of 424?
True
Is 139307780 a multiple of 23?
True
Is 6 a factor of 69232182?
True
Is 1380983175 a multiple of 117?
True
Is 76 a factor of 53545659?
False
Is 4815 a factor of 107807850?
True
Is 1197469836 a multiple of 7?
False
Is 199168099 a multiple of 50?
False
Does 63 divide 220323442?
False
Does 15 divide 39958890?
True
Is 8149158 a multiple of 17?
False
Is 3339701 a multiple of 53?
False
Does 246 divide 19475082?
True
Is 2527876 a multiple of 281?
True
Is 4 a factor of 34153732?
True
Is 36018586 a multiple of 119?
False
Is 780215304 a multiple of 2018?
True
Is 148 a factor of 681244?
True
Is 63657573 a multiple of 976?
False
Does 192 divide 24133056?
True
Is 6353 a factor of 6782170562?
True
Is 119548260 a multiple of 52?
True
Is 161 a factor of 119065457?
True
Is 47 a factor of 106907234?
True
Is 3 a factor of 652581?
True
Does 79 divide 131149006?
True
Is 1743314241 a multiple of 9?
False
Is 947 a factor of 1065241473?
True
Is 374307443 a multiple of 612?
False
Is 372083050 a multiple of 10?
True
Does 3414 divide 880812?
True
Does 6 divide 2891726877?
False
Is 29 a factor of 3614485441?
True
Is 2904 a factor of 102916891?
False
Is 6872305 a multiple of 96?
False
Is 10 a factor of 126902840?
True
Is 2710 a factor of 346183530?
True
Does 4 divide 69004221?
False
Is 103 a factor of 72340299?
True
Is 536101035 a multiple of 41?
True
Does 5 divide 97873775?
True
Is 51718742 a multiple of 27?
False
Does 15 divide 13940550?
True
Is 55 a factor of 161416508?
False
Is 1771982479 a multiple of 10859?
True
Is 68 a factor of 413903896?
True
Does 8 divide 104926488?
True
Is 174 a factor of 13096297?
False
Does 56 divide 110070015?
False
Is 27 a factor of 1106821901?
False
Does 973 divide 896629459?
False
Does 2573 divide 1898404?
False
Is 410 a factor of 465752183?
False
Does 489 divide 3397328?
False
Is 14 a factor of 299093952?
False
Does 25 divide 15362088?
False
Is 899 a factor of 25124575